45
Let v(x) = 6588*x + 230577. Give v(-35).
-3
Let m(g) = 224*g**3 - 1794*g**2 + 555*g - 4306. Give m(8).
6
Let p(x) = -1016*x - 160762. Give p(-158).
-234
Let a(q) = -34821*q - 208936. What is a(-6)?
-10
Let m(u) = -2346*u - 4281. Determine m(-2).
411
Let v(c) = 1692896*c + 28779231. Determine v(-17).
-1
Let x(f) = 5*f**3 + 101*f**2 - 455*f + 41. Calculate x(-24).
17
Let x(r) = -r**3 + 138*r**2 + 1180*r - 1745. Determine x(146).
7
Let u(t) = -86636*t - 86613. Calculate u(-1).
23
Let v(k) = -k**3 - 104*k**2 - 1331*k + 57. Calculate v(-15).
-3
Let l(o) = -4*o**3 + 4*o**2 + 66*o - 134. Determine l(4).
-62
Let f(c) = 135108*c - 1351067. Give f(10).
13
Let s(r) = 8*r**2 + 28095*r - 593542. Give s(21).
-19
Let q(z) = z**3 - 137*z**2 - 61*z + 9124. Determine q(137).
767
Let l(x) = -x**3 + 25*x**2 - 1458*x - 18078. What is l(-10)?
2
Let j(a) = a**3 + 47*a**2 - 53*a - 229. Calculate j(-48).
11
Let m(f) = 3787*f + 18695. Give m(-5).
-240
Let o(j) = -j**3 + 191*j**2 + 6379*j + 116. What is o(-29)?
145
Let v(t) = t**3 + 147*t**2 + 141*t - 650. Give v(-146).
80
Let m(w) = 3*w**2 + 37769*w - 23. What is m(0)?
-23
Let g(s) = s**3 + 69*s**2 + 49*s - 451. Calculate g(-3).
-4
Let s(f) = f**3 + 67*f**2 + 1062*f + 81. Calculate s(-25).
-219
Let c(w) = w**2 + 5137*w + 143113. Calculate c(-28).
61
Let p(x) = 5678*x - 675705. Give p(119).
-23
Let u(n) = 2*n**2 - 11*n - 3346. What is u(44)?
42
Let j(i) = 2*i**2 + 574*i + 8042. Calculate j(-14).
398
Let h(l) = -l**3 + 29*l**2 - 92*l + 134. Give h(26).
-230
Let m(n) = -688*n - 31312. Give m(-45).
-352
Let a(y) = -19*y**2 + 9280*y - 49751. Calculate a(483).
-2
Let i(u) = u**3 + 37*u**2 - 1236*u - 11734. Calculate i(-8).
10
Let r(q) = q**3 + 244*q**2 + 239*q - 643. What is r(-243)?
329
Let f(m) = -m**3 + 32*m**2 + 21*m + 386. Give f(33).
-10
Let k(d) = -1509*d**2 - 1409399*d + 6537. Give k(-934).
-1
Let y(a) = a**3 + 157*a**2 - 684*a + 28. What is y(4)?
-132
Let c(s) = -2*s**3 - 45*s**2 + 146*s - 982. Determine c(-25).
-1507
Let p(l) = -42*l**3 - l**2 - 3979*l - 11921. What is p(-3)?
1141
Let v(q) = -4170*q - 692223. Give v(-166).
-3
Let m(t) = t**3 - 204*t**2 - 314*t - 20452. What is m(206)?
-264
Let p(u) = -u**2 + 305*u - 22968. Calculate p(136).
16
Let v(l) = 16*l**3 + 1102*l**2 + 2151*l + 26. Give v(-2).
4
Let d(w) = 10418*w + 156319. Determine d(-15).
49
Let v(w) = -11*w**3 - 2367*w**2 - 446*w - 3609. Determine v(-215).
-169
Let z(v) = v**3 - 111*v**2 + 1998*v - 2165. What is z(21)?
103
Let z(y) = y**3 + 221*y**2 + 395*y - 9418. Give z(-219).
-1
Let y(i) = 17*i**2 + 6387*i + 44464. Give y(-7).
588
Let a(u) = -u**3 + 27*u**2 + 67*u - 1058. Give a(28).
34
Let w(g) = 3*g**3 - 317*g**2 - 1595*g - 5. Determine w(-5).
-330
Let x(s) = 2*s**3 - 2*s**2 - 31*s - 285. Give x(-6).
-603
Let f(a) = -a**2 + 1093*a - 31864. Give f(30).
26
Let l(u) = u**3 + 3*u**2 - 60240*u - 301142. Give l(-5).
8
Let z(m) = -641*m - 85087. Give z(-132).
-475
Let b(i) = 2315*i - 650523. Give b(281).
-8
Let g(j) = j**3 + 160*j**2 - 1847*j + 6031. Give g(-171).
217
Let z(l) = -l**2 + 2864*l + 69482. Give z(-24).
170
Let u(p) = -23*p**2 - 276*p - 2525. Calculate u(-9).
-1904
Let s(n) = -4*n**3 + 150*n**2 + 798*n - 32271. What is s(37)?
-7
Let k(v) = 15*v**3 + 17*v**2 - 108*v - 558. Determine k(-4).
-814
Let f(s) = 495*s**2 - 2468*s - 51. Give f(5).
-16
Let x(j) = -3*j**2 + 1185*j + 306004. What is x(-178)?
22
Let p(q) = 5665*q + 158608. What is p(-28)?
-12
Let t(k) = 43*k**2 + 836*k - 1455. Determine t(-21).
-48
Let w(s) = -5*s**2 + 61751*s - 432007. What is w(7)?
5
Let g(c) = 8*c**3 + 256*c**2 + 224*c + 639. What is g(-31)?
1383
Let c(o) = 145*o**2 + 80*o + 79. Determine c(-1).
144
Let n(y) = y**2 + 266*y + 16283. Determine n(-95).
38
Let k(x) = x**2 + 15311*x - 214473. Give k(14).
77
Let q(j) = -j**2 - 154884*j - 464648. What is q(-3)?
-5
Let i(j) = 45*j**2 - 6358*j - 12720. Calculate i(-2).
176
Let j(r) = 85339*r + 1706829. Give j(-20).
49
Let w(r) = -414*r + 40159. Give w(97).
1
Let k(r) = -r**2 - 39*r - 310. Determine k(-23).
58
Let q(w) = -w**2 + 1306*w - 100230. What is q(82)?
138
Let v(o) = -o**2 - 1807931*o - 7231719. Calculate v(-4).
-11
Let y(c) = -13551*c - 1612574. Calculate y(-119).
-5
Let x(l) = l - 427. What is x(-17)?
-444
Let s(m) = -m**3 - 19*m**2 + 136*m + 360. Give s(-24).
-24
Let s(a) = -121109*a + 605524. Give s(5).
-21
Let h(p) = -7*p**3 + 181*p**2 - 613*p - 2. Give h(4).
-6
Let l(m) = 7*m**2 + 590*m + 6023. What is l(-12)?
-49
Let g(o) = 2*o**2 - 868*o + 2648. Calculate g(3).
62
Let j(c) = 26*c**2 - 959*c + 8826. Give j(19).
-9
Let l(r) = -r**3 + 80*r**2 + 7*r - 394. What is l(80)?
166
Let k(s) = -s**2 - 49639*s - 496260. Determine k(-10).
30
Let n(k) = -3*k**3 - 20*k**2 + 136*k + 794. Give n(-6).
-94
Let z(o) = o**2 + 87*o + 1736. Calculate z(-56).
0
Let l(p) = -p**2 + 230012*p + 2990328. Give l(-13).
3
Let b(h) = 525784*h - 14721956. Calculate b(28).
-4
Let g(p) = -9500*p + 47548. Give g(5).
48
Let x(z) = -53*z**2 + 13793*z - 3267. Calculate x(260).
113
Let w(v) = -v**2 + 687483*v - 11686918. Give w(17).
4
Let j(r) = r**2 - 4038*r - 52823. What is j(-13)?
-160
Let a(d) = -1411*d - 522048. Calculate a(-370).
22
Let x(r) = -66*r**2 - 2688*r - 2689. What is x(-1)?
-67
Let x(y) = y**3 - 360*y**2 + 5169*y + 843. Determine x(345).
-1227
Let v(j) = 2*j**3 + 27*j**2 + 93*j + 22. What is v(-7)?
8
Let y(a) = -a**3 - 295*a**2 - 276*a + 5226. Give y(-294).
-66
Let r(n) = -3795*n - 470570. Determine r(-124).
10
Let v(i) = -628*i - 1360. Give v(-3).
524
Let l(c) = 39*c**2 - 48286*c + 48295. Give l(1).
48
Let a(v) = -101*v + 471. Determine a(4).
67
Let t(j) = -1197*j - 130465. Calculate t(-109).
8
Let b(r) = -393*r - 1556. Determine b(-7).
1195
Let j(x) = -5*x**3 - 163*x**2 + 428*x + 351. Calculate j(-35).
71
Let i(r) = -3130*r - 106572. What is i(-34)?
-152
Let m(p) = -19*p**3 + 83*p**2 - 93*p - 26. Determine m(2).
-32
Let d(j) = -j**2 - 1190*j + 792999. Calculate d(476).
-17
Let t(n) = 210*n + 31389. Determine t(-150).
-111
Let q(h) = -2*h**3 + 487*h**2 - 8280*h + 2921. Determine q(18).
5
Let i(h) = -165*h + 4434. What is i(11)?
2619
Let p(l) = -4965*l + 39652. Calculate p(8).
-68
Let l(f) = 6*f**3 + 760*f**2 - 2603*f - 366. Determine l(-130).
24
Let q(o) = -o**3 - 113*o**2 - 106*o + 526. Give q(-112).
-146
Let i(h) = -h**3 + 18*h**2 - 51*h + 164. Determine i(5).
234
Let u(h) = -2*h**3 - 115*h**2 - 260*h + 826. Give u(-55).
1
Let d(s) = -73937*s + 368857. Calculate d(5).
-828
Let b(h) = -h**3 + 195*h**2 - 390*h + 774. What is b(193)?
2
Let y(s) = -s**2 + 567*s - 66019. Calculate y(406).
-653
Let p(h) = -4136*h - 2729769. Calculate p(-660).
-9
Let p(w) = w**3 - 17*w**2 + 40*w - 462. Calculate p(20).
1538
Let t(x) = 2*x**3 - 86*x**2 + 30*x - 5197. Determine t(44).
-5
Let o(t) = -3*t**2 + 203*t - 4163. Determine o(39).
-809
Let i(o) = 44025*o - 1540849. What is i(35)?
26
Let k(h) = -11*h**3 + 16186*h**2 + 8844*h - 17665. Determine k(1472).
-1
Let x(t) = 830*t + 20749. Determine x(-25).
-1
Let d(x) = -3*x**3 - 83*x**2 + 268*x + 1630. What is d(-30)?
-110
Let n(j) = -92413*j - 92400. Calculate n(-1).
13
Let w(m) = -4*m**3 - 1457*m**2 - 343*m + 8494. What is w(-364)?
850
Let v(d) = 155*d**2 + 1408*d + 2828. Give v(-2).
632
Let o(d) = d**2 - 99*d + 868. Calculate o(68).
-1240
Let z(i) = -i**3 - 52*i**2 - 1476*i - 81094. Determine z(-53).
-57
Let n(t) = -t**2 + 22*t + 325. Determine n(-11).
-38
Let u(k) = -658*k + 13832. Determine u(21).
14
Let m(i) = -3*i**2 - 314*i + 15194. What is m(36)?
2
Let v(f) = -13*f**2 - 93*f + 303. Determine v(-9).
87
Let p(w) = -3*w**3 - 2*w**2 + 60*w + 60. Calculate p(-5).
85
Let v(p) = 92193*p + 645324. Give v(-7).
-27
Let f(x) = 14936*x + 3181362. Determine f(-213).
-6
Let w(v) = 930*v - 29737. Determine w(32).
23
Let f(d) = 5*d**3 + 35*d**2 - 82*d - 578. What is f(-7)?
-4
Let i(m) = -310*m**2 + 3111*m - 7468. Determine i(4).
16
Let u(j) = -3073*j + 21660. Calculate u(7).
149
Let b(a) = 1440425*a - 2880851. What is b(2)?
-1
Let h(g) = -844*g - 297136. Determine h(-352).
-48
Let c(p) = p**2 + 330*p - 5533. What is c(-346)?
3
Let o(x) = 1271220*x + 54662458. Calculate o(-43).
-2
Let l(n) = -n**3 - 8*n**2 - 48*n - 371. Give l(-8).
13
Let i(s) = 28180*s + 1803529. Calculate i(-64).
9
Let g(y) = -3580*y - 565635. 